 91*o**2 - 5 + 10. Let s(q) = -2*q**2. Let l(f) = f**2. Let r(x) = 4*l(x) - s(x). Let d be r(-1). Calculate c(d).
7
Let t(o) = -160*o - 936. Let j(y) = 11*y + 65. Let l(h) = 72*j(h) + 5*t(h). Let q = 3 + 2. Let s(n) = n**3 - 4*n**2 - 5*n - 1. Let u be s(q). What is l(u)?
8
Let f(j) = -j + 8. Let h = -75 + 77. Let d be (-2 + (-22)/(-4))*h. Calculate f(d).
1
Let s(c) = 3*c**2 + 3*c + 2. Let l be s(-3). Let h = 22 - l. Let k(u) = 4 + u + 8*u**2 - 3*u**h + u**3 - 7*u + 4*u. Calculate k(-5).
14
Let h be (-2*15/(-6))/((-10)/(-4)). Let o(k) = h*k - 3 + 4*k - 6*k - 3*k. Calculate o(-5).
12
Let i(o) = o + 4. Let q be i(-4). Suppose -72 - 57 = -3*g. Let d(w) = -3 - 3*w**3 + g*w**2 - 44*w**2 + 4*w**3. Determine d(q).
-3
Let b(q) = -q**2 + 9*q - 9. Let m = -25 + 33. Let t = m + -2. What is b(t)?
9
Let a = -2 - -2. Suppose -3*r - 26 = -14. Let j = a - r. Let h(y) = -3*y + 6. Determine h(j).
-6
Let t(p) be the first derivative of -3*p**2/2 + p - 66. Suppose -6*y + 3*l + 12 = -2*y, 2*l = -y + 14. Calculate t(y).
-17
Let o(k) = 4*k**2 + 2. Let g be 3/(9/12 + (-3)/(-12)). Let q(l) = 7*l**2 + l + 4. Let w(u) = g*q(u) - 5*o(u). What is w(-3)?
2
Let n(x) = -7*x + 10. Let m(f) = 8*f - 12. Let k(b) = -6*m(b) - 7*n(b). What is k(-6)?
-4
Let z(u) = u**3 - 9*u**2 + 13*u - 18. Let x be z(8). Let m = -26 + x. Let t(y) = -y**3 - 5*y**2 - 4*y. Determine t(m).
0
Let o be ((-17)/17)/(1/(-5)). Let j be (-4 - (-10)/o)/2. Let f(c) = -8*c**2 - c. What is f(j)?
-7
Suppose 14 = -7*h + 8*h. Let k = h - 10. Let i(w) = w**3 - 3*w**2 - 4*w - 2. Calculate i(k).
-2
Let k(z) be the first derivative of z**2 + 26*z - 619. Calculate k(-10).
6
Let d(t) = 9*t + 3. Suppose -7*h + 9*h + f = -10, 0 = -3*f - 12. What is d(h)?
-24
Let f = 9 - -2. Let c(g) = 23*g - 3 - 7*g - f*g + g**3 + 2*g**2 - 7*g. Determine c(-2).
1
Let o(q) = -q**2 + 10*q - 3. Let w be o(10). Let v(b) be the first derivative of -b**4/4 - 4*b**3/3 - 3*b**2/2 - b + 764. What is v(w)?
-1
Let w = 1 + 10. Suppose 8*q - w*q = -3. Let d(s) = 7*s**2 - q + 3*s - 2*s**2 - 4*s**2. Calculate d(-4).
3
Let w = -73 - -51. Let y = 25 + w. Let f(r) = -4 - r**3 + 3*r**2 - 2*r**2 + 0*r**2 - r + 4*r. What is f(y)?
-13
Let h(w) be the first derivative of -1/3*w**3 + 3 + 0*w + 0*w**2 + 0*w**4 - 1/60*w**5. Let n(p) be the third derivative of h(p). What is n(2)?
-4
Suppose -4*n - 6 = -2*r - r, 0 = -n - 3*r + 6. Suppose n = m - 2 + 1. Let w(p) = -4 + 2*p + m - 2 - 2. What is w(5)?
3
Let f(a) = 2*a - 3. Let j(x) be the third derivative of x**4/24 - 13*x**3/6 - 8*x**2. Let w be j(16). Determine f(w).
3
Let d be (-4)/(1/1)*8/(-4). Suppose 5*l - 15 = -0*l. Let z(p) = -p**l - 5*p**2 + 13*p**2 - d - 6*p + 1. Calculate z(7).
0
Let m(i) = -i**2 + 7*i - 6. Let f be m(4). Let t(k) = -k**3 + 7*k**2 - 3*k. Give t(f).
18
Let v be 6 + -3*(3 - 2). Suppose -5 = -v*i + 4. Let m = i - 0. Let z(k) = -k + 4. What is z(m)?
1
Let z = 162 - 167. Let f(w) = w**2 - 3. Give f(z).
22
Let h(n) = 10*n + 104. Let w be h(-11). Let u(k) = -k**3 - 5*k**2 + 3*k + 1. Calculate u(w).
19
Let u be (-1 - -1) + (-1)/(-1). Let c be 46*(4 + 28/(-8)). Let d(k) = 44 - c - 21 + 5*k. Give d(u).
5
Suppose 0 = j - 4*w - 7, -3*j + 18*w = 13*w - 7. Let x(o) be the second derivative of 3*o**5/20 - o**3/3 - o**2/2 - o. Calculate x(j).
-2
Suppose -5 + 93 = 8*x. Let i(p) = p**2 - 10*p + 5. Give i(x).
16
Let y(n) = 191*n + 183*n - 373*n + 4. What is y(5)?
9
Suppose 12*z - 9*z = 27. Let h(a) = -a**2 + 7*a + 5. What is h(z)?
-13
Let p(j) = -9*j. Let b be (-9)/(-2)*(-12)/(-18). Let c be 0/(-1) - 2*b/(-6). Calculate p(c).
-9
Let f(y) be the second derivative of y**5/20 + 11*y**4/12 + 5*y**3/3 - y**2 - 156*y. Give f(-10).
-2
Let o(p) = p**2 + 18*p + 14. Let b = -761 - -745. Calculate o(b).
-18
Let h(q) = q**2 + q + 3. Let n(z) = 2*z**3 + 53*z**2 - 28*z - 32. Let b be n(-27). Determine h(b).
23
Let h = 44 - 46. Let d(k) = 2*k**2 + 3*k + 3. Calculate d(h).
5
Let m(x) be the third derivative of x**4/12 + x**3/2 + 77*x**2. Give m(-4).
-5
Let g(l) = -l**2 + 6*l + 29. Let q be g(9). Suppose q*b + 12 = -b. Let r(s) be the third derivative of -s**5/60 - s**4/8 + 2*s**3/3 - 2*s**2. Determine r(b).
0
Suppose 0 = -6*b - 3 + 45. Let k(o) = -9 + 9*o + 6*o**2 - 5*o**2 - 2*o**2. What is k(b)?
5
Let y(w) be the third derivative of -w**4/4 + w**3/6 - 3*w**2. Let d(s) = 3*s + 16. Let z be d(-15). Let a = z + 30. Give y(a).
-5
Let y = 235 + 26. Let j(a) = -3*a - y*a**3 + 128*a**3 + 1 + 2*a + 132*a**3. What is j(1)?
-1
Let h(r) = 5*r + 1. Let x(a) = 16*a + 2. Let q(v) = -7*h(v) + 2*x(v). Let d be 1 + (0 - (0 - 1)). Let c = 0 - d. Determine q(c).
3
Let y be 152/6 + (-7 - 140/(-21)). Suppose -20*m = -y*m - 15. Let t(z) = -z**3 - 4*z**2 - 3*z + 3. What is t(m)?
3
Let h(i) be the second derivative of -i**4/12 - 7*i**3/6 - 6*i**2 - 16*i + 5. What is h(-6)?
-6
Let v = -1244 + 1264. Let z(l) = -l**3 + 20*l**2 + 5. Calculate z(v).
5
Let j(u) = u**3 - 5*u**2 + 5. Let h be -2*(3 + (-23)/2). Suppose 3*s = 3*d - 3, s + 2*s = -d + h. Determine j(s).
-11
Suppose -4*y + 2 = -2. Suppose 4*r - 9 = -0*r + 3*h, -3*r = -3*h - 6. Let j(l) = 2 - r*l + 5*l + l**2 + y. What is j(-2)?
3
Let y(z) be the second derivative of -2*z**3/3 - 2*z**2 + 17*z - 11. Determine y(-3).
8
Let d(h) = h**3 - h**2. Let g = 13 - 12. Let a be d(g). Let z(x) = x**2 - 4. What is z(a)?
-4
Let g = -19 + 8. Let w = g + 12. Let d(q) = 2*q**3 + 5*q**2 - 5*q - 1. Let z(c) = c**3 + c**2 - c. Let u(h) = -d(h) + 5*z(h). Calculate u(w).
4
Let o(v) = 4*v + 1. Let m(d) = -d - 1. Let b(q) = -6*m(q) - 3*o(q). Suppose -1 = -2*n + 5. Suppose n*r = 2*r + 3. What is b(r)?
-15
Let a(b) = 3 + 0*b + 2 - 7*b. Let x(h) = 15*h - 11. Let c(u) = 13*a(u) + 6*x(u). Calculate c(-5).
4
Suppose -71 + 66 = -h. Let d(l) = -8*l**3 - 3*l**2 + 11*l + 2. Let x(r) = -9*r**3 - 4*r**2 + 13*r + 3. Let y(s) = h*d(s) - 4*x(s). Determine y(2).
-24
Let t(j) = -j - 2. Suppose 18*b + 9*b = 108. What is t(b)?
-6
Let f(b) = 22*b - 433. Let r be f(20). Let x(m) = -m**3 + 8*m**2 - 4*m - 3. Determine x(r).
18
Let r(v) = 4*v - 8. Let b be r(5). Let j be ((-3)/4)/((-1)/b). Let m(l) = 3 + 8 - j - l. Calculate m(5).
-3
Let r(g) be the third derivative of -g**4/24 + g**3/6 + 22*g**2 - 20*g. Calculate r(-5).
6
Let x(k) = 34*k - 16. Let i(s) = -57*s + 31. Let m(t) = 3*i(t) + 5*x(t). Calculate m(-10).
23
Let i(y) be the first derivative of 3/2*y**2 + 1/4*y**4 + 4*y + 2*y**3 - 7. Determine i(-5).
14
Let j = 1 - 2. Let k(i) be the first derivative of 5*i**4/2 - i**3/3 - 406. Determine k(j).
-11
Let k(p) = 4 - 4*p - 3*p**3 + 35071*p**2 + 4*p**3 - 35066*p**2. Let m = -6 + 0. Give k(m).
-8
Let t(d) = 6*d + 5. Let s(i) = -i**3 + 11*i**2 + 22*i + 48. Let p be s(13). Give t(p).
-19
Let r(k) = -k**3 - 38*k**2 + 2*k + 70. Let c be r(-38). Let q(h) = -h**3 - 8*h**2 - 15*h - 5. What is q(c)?
13
Let l(i) = i**2 + i - 3. Let a be l(-3). Let b(c) = -c**3 + c**2 + 2*c + 4. Determine b(a).
-8
Let d(q) be the second derivative of -q**4/12 + 5*q**3/3 + 2*q**2 - 204*q. Determine d(7).
25
Let b(x) be the second derivative of 0 - 1/6*x**3 - 1/12*x**4 - x - 1/20*x**5 - 5/2*x**2. Suppose 5*a + 2*o = 2, -2*o = -3*a - a - 2. Determine b(a).
-5
Let c(l) = l**2 + 3*l - 3. Let r be c(-3). Let v be -14*4/24*r. Let f(j) = -2*j - v - 2*j + 2*j. What is f(-5)?
3
Suppose 2 = -3*q + 14. Suppose -4 = w, w = 5*j - 2*w - 42. Let b(n) = 0*n - 1 + 4*n - j*n + q*n. Give b(6).
11
Let x(p) be the first derivative of p**2/2 - 3*p + 66. Let k be 14*(-4)/(-8) - 0. Determine x(k).
4
Let k(c) be the third derivative of -c**6/360 - 3*c**5/40 - c**4/3 + 5*c**3/2 - 3*c**2. Let j(q) be the first derivative of k(q). What is j(-6)?
10
Suppose -44*h - 6 - 82 = 0. Let w(x) = -x**3 + x**2 + 3*x + 2. Determine w(h).
8
Let z(g) = 3*g - 8. Let c(r) = 4*r - 5. Let k(v) = -4*c(v) + 3*z(v). Give k(3).
-25
Let y(m) = m**3 - 2*m + 1. Let r be y(-2). Let v(c) = -11*c**2 - 10*c - 9. Let f(l) = 2*l**2 + 2*l + 1. Let t(s) = -5*f(s) - v(s). What is t(r)?
13
Suppose 4*u = a + 2*u - 5, -u = -2*a + 7. Let d(o) = o**2 - 2*o + 1. Give d(a).
4
Let o(n) = n**3 + n**2 + n - 1. Let s(b) = -5*b**3 - 11*b**2 - 12*b + 12. Let c(i) = 6*o(i) + s(i). Let j = -3004 - -3010. Calculate c(j).
6
Suppose -17*b = -15*b - 6. Let u(h) = -h**3 + 3*h**2 - 2*h + 6. Calculate u(b).
0
Let a(m) = -2*m**2 + m + 1. Let b(d) = -d*